*4/12 + f**3/2 + 17*f**2/2 - 12. Let s(c) be the second derivative of l(c). What is s(d)?
-12
Let j(n) = -n**2 - 4*n - 2. Suppose 4*h + 40 = 3*l, -159*h + 161*h + 2*l + 6 = 0. Give j(h).
-23
Suppose 0 = -5*v + 3*v - 8. Let q(j) be the first derivative of -3*j**2/2 - 4*j + 2779. Calculate q(v).
8
Let n(i) be the second derivative of -i**5/20 + i**4/4 + i**3/3 + 3*i**2/2 + i - 2. Suppose 8 = -12*m + 56. Give n(m).
-5
Let d(q) be the first derivative of q**4/4 - 6*q**3 - 23*q**2/2 + 68*q + 167. Let i be d(19). Let t(w) = -w**3 - 9*w**2 - 2*w + 2. Give t(i).
-46
Let i(h) = -h**2 - 5*h - 6. Let r = 39 - 51. Let q(o) = 2*o**2 + 23*o - 7. Let l be q(r). Let m be (20/12)/(l/(-15)). Give i(m).
-6
Let m(p) = 104 + 3*p - 242 + 123. Let b(n) = -4*n + 18. Let x(a) = 2*b(a) + 3*m(a). Calculate x(11).
2
Let n(i) = 306*i**3 - 42*i**2 - 83*i - 5. Let y(f) = -139*f**3 + 21*f**2 + 41*f + 2. Let j(q) = 5*n(q) + 11*y(q). Give j(-19).
35
Let l = 42 + -40. Suppose 0 = -4*o + f + 66, 2*o - l*f - 34 = -f. Suppose -4*d = -t - 9*d + o, -3*d = -12. Let m(a) = a**3 + 3*a**2 - 6*a - 3. Calculate m(t).
5
Let v be (-2)/(56/44) + 8/14. Let z(y) = -10*y - 12*y - y**2 + 16*y + 8. Let n(u) = u + 1. Let q(t) = v*z(t) + 2*n(t). Give q(-8).
-6
Let d(b) = -6*b**3 + 3*b**2 - 7*b + 4. Let u be (-7)/((-735)/15)*7. Give d(u).
-6
Let z be (-2)/3*-36 + 5/((-10)/4). Let c(j) = -j + 23. Give c(z).
1
Let n(y) = -y + 4. Suppose -17*g + 220 + 52 = 0. Suppose j + 9 = -f, g*j + 3*f - 27 = 19*j. Give n(j).
13
Let z = -14 + 32. Let t be (13/((-234)/48))/((-5)/(-3) + -3). Let x(q) = z - 17 - 4*q**t + 16*q**2. Determine x(1).
13
Let p(i) = -702*i + 318*i + 370*i + 58 + i**2. Give p(8).
10
Let i(w) = w**3 + 3*w**2 - 13*w - 7. Let m(u) = -29*u - 179. Let z be m(-6). Calculate i(z).
8
Let u(z) = -100*z + 605. Let i be u(6). Let a(s) = -7*s**2 + 9*s - 5. Let p(o) = -10*o**2 + 14*o - 8. Let l(x) = 7*a(x) - 5*p(x). Give l(i).
-5
Let f(p) = -6*p + 35. Let x be -63*(-32)/144 - 2. What is f(x)?
-37
Let o(l) = -351*l**2 + 1058*l**2 - 7 - 357*l**2 + 2*l - 351*l**2 - 9*l. Suppose 0 = -7*s + 4*s + 3*i - 3, -2*s = 5*i + 37. Give o(s).
-1
Let m(p) be the third derivative of -p**7/2520 + p**6/360 - p**5/30 - 4*p**4/3 + 122*p**2 + p. Let t(k) be the third derivative of m(k). Determine t(5).
-8
Let i(q) = -3815 + 7636 + q - 3817. Give i(-11).
-7
Let k = 1 + 9. Let v = -44 + k. Let c = 27 + v. Let g(h) = -h**2 - 8*h + 6. Calculate g(c).
13
Let y = -94 - -86. Let c be 4/((-48)/105) - (-2)/y. Let s be c + (-4 - -5) + (5 - 2). Let n(r) = -r**2 - 3*r + 4. Give n(s).
-6
Let s be ((27/15)/3)/((-9)/45). Let k(j) = -5*j**3 - 16*j**2 - 2*j - 1. Give k(s).
-4
Let g(b) = -2*b**2 - 8*b - 4. Suppose -6 + 12 = -2*w, -5*i = -2*w - 26. Suppose -a + 19 = -i*j, -27 = 2*j + 2*a + a. Determine g(j).
-28
Let d(x) be the first derivative of 3*x**2/2 + x - 1461. Suppose -3 + 12 = -3*p. Calculate d(p).
-8
Let x(l) = 6*l + 579. Let w(m) = 64. Let k(h) = 9*w(h) - x(h). Give k(1).
-9
Suppose 0*r + 25 = 5*r. Let n(a) be the third derivative of -a**6/120 + 7*a**5/60 - 7*a**4/24 + a**3/2 - 4*a**2 + 9*a. Give n(r).
18
Let l(z) be the first derivative of z**6/120 + z**5/10 + z**4/12 + 2*z**3/3 + 15*z**2 + 2*z - 101. Let u(v) be the second derivative of l(v). What is u(-4)?
28
Let x(l) = -l - 6. Let a be x(-9). Suppose -a = -4*n + 21. Suppose 5*i = -4*b - 5 + n, 7 = -i + b. Let v(r) = -5*r + 2. Give v(i).
17
Let m(v) = 2*v + 72 - 71 - 4*v + 3*v + 2*v**2. Let w(o) = -7*o**2 - 11*o - 1. Let x(u) = 3*m(u) + w(u). Let z(g) = g**2 + g - 8. Let q be z(0). Give x(q).
2
Let c(h) = 7*h**3 - 7*h**2 + 13*h + 23. Let p(k) = -7*k**3 + 6*k**2 - 12*k - 18. Let w(a) = -5*c(a) - 6*p(a). Determine w(1).
6
Let y be (-2670)/(-8) - -2*(-1)/(-8). Let i = y - 340. Let s(g) = -g**3 - 7*g**2 - 4*g + 6. Give s(i).
-6
Let d = 9 + -6. Suppose 0 = 2*y + d*j - j, 2*y = 2*j + 20. Suppose 0 = -6*w + y*w - 2, 0 = -2*z + 4*w - 2. Let k(g) = 2*g + 2. Give k(z).
-8
Suppose 24 = 3*p - 3*g, -741*p + 3*g + 32 = -736*p. Let u(r) = r**3 - 6*r + 12. Determine u(p).
52
Suppose c + 0*c = -3. Let r(m) = -9*m + 13*m - 2 + 4 + 1. Let i(j) = j. Let b(l) = c*i(l) + r(l). Calculate b(-3).
0
Let p(n) = n**2 + 2*n - 630. Let q(j) = 222*j + 1084. Let g be q(-5). Give p(g).
-6
Let q(k) = -9*k**2 + 1. Let b(x) = -22 + 18 + 17 - 15*x - x**2 + 2*x. Let p be b(-14). Determine q(p).
-8
Let w(p) = 6*p + 10. Let c(v) = 10*v + 20. Let q be 1*(-4 - -3)*(0 - -7). Let z(b) = q*w(b) + 4*c(b). Give z(-7).
24
Let f(p) = -2*p**2 + 2. Let n(o) = -359*o - 97. Let s be n(-2). Let z = s - 624. Give f(z).
-16
Let y be 15/3 - (16 + -9). Let l(h) = -h**2 + 5*h + 8. Give l(y).
-6
Suppose -y - 6*y + 39 + 31 = 0. Let z(h) = -h + 6. What is z(y)?
-4
Let s be (2 + -1)/((-2)/(-14)). Let g be ((9 - 2) + -6)*(44 - -1). Let l(r) = r + g + 0*r - 46. Calculate l(s).
6
Let l(d) = 5*d**2 - 9*d - 18. Let v(b) = -3*b**2 + 4*b + 9. Suppose 16 + 0 = 4*u. Let z(h) = u*l(h) + 7*v(h). Give z(-9).
-18
Let x(s) = s**2 + 4*s + 4. Suppose 4*v - 5*n + 5 = 0, n = -9*v + 4*v + 1. Suppose -2*g = 4, v*p - 11 = -3*p - 2*g. Let d be -1 + 4 - p - 1. Give x(d).
1
Let t be (-5)/(-15) - 88/(-6). Let o = 25 - t. Let i(g) = g**2 - 10*g + 1. Calculate i(o).
1
Let q(y) = y**3 + 8*y**2 + 7*y - 3. Suppose -4 = 5*d - 14. Suppose -b + d*z = 16 - 0, 4*z = b + 26. Let x = -1 + b. Calculate q(x).
-3
Let z(v) = -9*v**3 + 2*v**2 + v - 10. Let b(k) = -16*k**3 + 4*k**2 + 2*k - 18. Let t(s) = -5*b(s) + 9*z(s). Determine t(-2).
2
Let y(t) = t + 21. Let v(x) be the second derivative of 7*x**2/2 + 2*x + 3. Let b(a) = 8*v(a) - 3*y(a). What is b(7)?
-28
Let p(c) = -c**3 - 96*c**2 - 16*c + 52. Let x(t) = t**3 + 128*t**2 + 22*t - 70. Let j(s) = 13*p(s) + 10*x(s). Determine j(11).
-13
Let j(l) = 2*l**2 + 17*l + 13. Let f be -23 + 1825/75 - (-28)/(-3). What is j(f)?
5
Let s be (1 + (-165)/75)*(-5)/3. Let i(c) be the first derivative of 19 + s*c**3 - 4*c - 3*c**2 - 1/4*c**4. What is i(5)?
-9
Suppose -195*u = f - 190*u + 37, -4*f = 3*u + 29. Let g(s) = -5*s**2 - 8*s - 10. What is g(f)?
-14
Let a be 6 + (12/1 - (3 - -14)). Let y(q) = -1 + q - 3*q**3 - 5*q**3 + q**3. Determine y(a).
-7
Let o(r) be the first derivative of -r**4/4 + r**3 + 7*r**2/2 - 7*r - 140. Let a be o(4). Let v(b) = -b**2 - 3. Give v(a).
-28
Let n(b) be the second derivative of -b**5/20 - 7*b**4/12 + 7*b**3/6 - 4*b**2 - 4*b - 50. Let s(i) = -i**3 + 5*i**2 - 5*i - 4. Let k be s(4). What is n(k)?
0
Let j(n) = -4*n**3 - 160*n**2 - 2*n - 83. Let h be j(-40). Let a(u) = 4*u**2 + 3*u - 1. What is a(h)?
26
Suppose -18*h = -13*h - 15. Let u(t) = 5*t**h + 9*t**2 - 7*t - 4*t**3 - 8 - 2*t**3 - t. Give u(8).
-8
Let o(f) = f**3 + 11*f**2 - 11*f + 10. Let p be o(-12). Let s be 30/12*(-5)/(50/(-8)). Let d(t) = 4 - 2*t**2 + 11 - t**3 - s*t - 15. Determine d(p).
4
Let r(j) be the third derivative of -j**5/60 + j**4/3 + j**3 - 196*j**2. Let u be (-864)/(-80) + 8/(-10). Determine r(u).
-14
Let m(v) = -2*v + 10. Let w(n) = 4*n**2 - 18*n - 3. Let x be 273/65 + 4/5. Let h be w(x). Give m(h).
-4
Suppose -21*f = -14*f - 14. Let t(k) be the first derivative of 3 + k + 1/2*k**f. Determine t(5).
6
Let f(a) = -6*a + 33. Let v(k) = k**2 - 32*k - 265. Let i be v(-7). What is f(i)?
-15
Let v(b) = b**3 + 5*b**2 - 4*b - 7. Let n be v(-5). Let m be (-2)/n - 930/(-130). Let s(t) = 0*t - 2 + t**3 - 2*t + 11 - 7*t**2. Give s(m).
-5
Let z(p) be the third derivative of p**5/20 + p**4/8 + 5*p**3/3 - 12*p**2 + 27*p. What is z(4)?
70
Let x(u) = 13*u**3 - 2*u**2 + u. Let r = -60 + 59. Let g be 8 + (1 - 1) + 2/r. Suppose -g*s + 11 = 5. Give x(s).
12
Let h(k) = -26*k - 267. Let u(y) = 9*y + 97. Let w(p) = -4*h(p) - 11*u(p). Let g(l) = -l + 4. Let x be g(5). Calculate w(x).
-4
Let o(p) = p**2 + 18*p + 54. Let x be (1/3)/(20/(-30))*30. Give o(x).
9
Let w(q) be the first derivative of -q**4/4 - 5*q**3 - q**2/2 + 16*q + 820. What is w(-15)?
31
Let z(r) be the first derivative of r**4/4 - 4*r**3/3 - 3*r**2/2 + 6*r - 3006. Determine z(7).
132
Let i(w) = -38*w + 241 + 0*w**3 + 253 - 42*w**2 - 3*w**3 - 476. Calculate i(-13).
5
Let j(m) = 572*m - 1127*m + m**3 + 5*m**2 + 561*m + 2*m**2 + 5. What is j(-4)?
29
Suppose -5*u = u + 18. Let a(y) = -15*y**2 - 4*y + 2. Let x(r) = 8*r**2 + r - 3. Let s(z) = a(z) + 2*x(z). Calculate s(u).
11
Let m be (-14)/4*20/(-35). Let p(l)